ded by t(-2)?
0
Suppose 16 = 2*q - 2*c, q = 2*c + 5 + 5. What is the remainder when (-2)/q - (-1008)/27 is divided by 19?
18
Let h = -982 + 990. Calculate the remainder when 8 is divided by h.
0
Let l(f) = -547*f + 45. What is the remainder when l(-1) is divided by 100?
92
Let c be (-6)/27 - 1612/36. Calculate the remainder when 54 is divided by (-18)/c + (-276)/(-10).
26
Let c(q) = 60*q + 445. What is the remainder when c(-6) is divided by 54?
31
Let q(b) = -4*b - 21. Let x be q(-6). Let p(d) = 3*d**3 - 2*d**2 - 12. What is the remainder when p(x) is divided by 18?
15
Let u(h) = 92*h - 13. Calculate the remainder when u(1) is divided by 41.
38
Let o = 8 - 2. Suppose 4*p + 2*x + 2 = 0, -x = -5*p + p + 1. Suppose 2*l - 20 = -q, -3*q - 2*l + 47 + 5 = p. What is the remainder when q is divided by o?
4
Suppose 0 = -5*z - b - 453, -z + 174 = -3*z - 4*b. Let x = -63 - z. What is the remainder when x is divided by 10?
8
Suppose n = 5*n. Suppose n = 3*z - m - 51, z - 6*z + 3*m = -81. Let q = 229 - 196. Calculate the remainder when q is divided by z.
15
Let h(g) = g**3 + 3*g**2 - 2*g. Let r be h(-3). Suppose r*a = 263 + 43. Suppose 0 = -2*w + 19 + 7. Calculate the remainder when a is divided by w.
12
Calculate the remainder when 161 is divided by 89/5 - 2/(-10).
17
Suppose 4*x = 5*g + 173, 2*x + 2*x + 2*g = 194. What is the remainder when 97 is divided by x?
3
What is the remainder when 113 is divided by ((-1551)/9)/(-11)*3?
19
Suppose 2*c - 11 - 13 = 0. Suppose 30*b - 33*b + 246 = 0. Calculate the remainder when b is divided by c.
10
Suppose 2*n + 4*b - 18 = 0, 3*b - 25 = -5*n - 2*b. Suppose -n = m + 4. Let l(r) = -5*r - 1. What is the remainder when 47 is divided by l(m)?
23
Let m be 10/2*(-45)/(-25). Let t(a) = 6*a - 16. Calculate the remainder when t(m) is divided by 13.
12
Suppose 8 = 2*j - 4*t - 4, 0 = -3*j - 3*t. Suppose d = -3*x - j*x + 19, 2*x = -5*d + 3. What is the remainder when x is divided by 4?
0
Let k = 20 + -11. Suppose 29*a - 206 - 490 = 0. Calculate the remainder when a is divided by k.
6
Let r = 388 - 31. Calculate the remainder when r is divided by 72.
69
Let l = -1 + 1. Suppose -k - k - b + 45 = l, 5*b = -15. What is the remainder when 6/k - 199/(-4) is divided by 13?
11
Suppose 31 = 5*b - n + 11, -4 = -b - 2*n. Suppose -4*v + 84 = -5*r, -2*r + 60 = 4*v + b. What is the remainder when 46 is divided by v?
14
Suppose -4*y - 361 = 107. Calculate the remainder when -1 - ((-4 - -5) + y) is divided by 39.
37
Suppose -c = -5*d + 2462, d - 3*d - 2*c + 980 = 0. Calculate the remainder when (6/(-4))/((-18)/d) is divided by 15.
11
Let x(p) = 2*p - 12. Let c be x(10). Suppose -4*y = -8 - c. Suppose -4*a + 4*t + 26 = -3*a, -5*a = y*t - 106. What is the remainder when a is divided by 8?
6
Let a(j) = -j**3 + 23*j**2 - 74*j - 2. What is the remainder when 59 is divided by a(19)?
23
Suppose -20 - 30 = -5*y. What is the remainder when (44/(-14))/(2/(-28)) is divided by y?
4
Suppose -6*j - 25 = 143. Calculate the remainder when 2 + (-5 - -3 - j) is divided by 17.
11
Suppose -134 = -5*w - 3*h, w + h = -w + 54. Let x(g) = 8*g + 31. Let y be x(11). Suppose -4*n + y + 97 = 0. Calculate the remainder when n is divided by w.
26
Let z be (2 - 66)/(-3 + (3 - 1)). Calculate the remainder when 3/4 + 1284/z*4 is divided by 42.
39
Suppose -160 = -357*a + 352*a. What is the remainder when 64 is divided by a?
0
Let z(f) = -98*f - 677. Calculate the remainder when ((-22)/(-4))/((-1)/(-8)) is divided by z(-7).
8
Let r be (6/9)/2*27. Let n = 15 - r. Suppose -4*u + 3*u + 22 = 0. What is the remainder when u is divided by n?
4
Suppose 0 = 4*r - 3*m - 0 - 27, 2 = -2*m. Suppose -2*k - 2*n - r = 0, 3*k - 5*n = -k - 21. Calculate the remainder when 54 is divided by (17 + 4)*k/(-3).
26
Suppose 0*t = -5*t - 3*g + 271, 0 = 3*g + 9. Calculate the remainder when t is divided by 20.
16
Let j = 404 + -357. What is the remainder when j is divided by 3?
2
Let v(r) = -2*r**3 + 8*r**2 + r - 3. Let h be v(4). Calculate the remainder when (-4 + -1)/(h/(-5)) is divided by 7.
4
Suppose -71*v = -68*v - 6, -5*n - 3*v + 1306 = 0. What is the remainder when n is divided by 96?
68
Suppose -3*m + 124 = -146. What is the remainder when 354 is divided by m?
84
Suppose 40 = 2*v - 52. Let r be v + 7 - (1 - 2). Calculate the remainder when 106 is divided by (12/8)/(3/r).
25
Suppose k - 18 = -q - k, 0 = -4*q - 2*k + 60. Suppose 19*p - 936 = -10*p - 7*p. What is the remainder when p is divided by q?
12
Suppose -82 = 2*u + 3*t, 69 - 19 = -u + 3*t. Let q(h) = 76*h**2 + 2*h + 1. Let a be q(-1). Let i = a + u. Calculate the remainder when i is divided by 8.
7
Calculate the remainder when -8 + (-1)/(8/(-2024)) is divided by 63.
56
Suppose 0 = 4*w - 4*n - 44, 4*n + 12 + 18 = 2*w. What is the remainder when w is divided by 6?
1
Let g(y) = -16 + 18 - 9*y**3 - y**2 + 61*y**3 - 2*y. Suppose -p = p - 52. What is the remainder when g(1) is divided by p?
25
Suppose 2*w - 7*w = -145. Suppose -2*j - 2*n = 304, -2*n = -4*n + 2. Let v = j - -237. What is the remainder when v is divided by w?
26
Suppose 3*h - 38 = -4*g, 12*h - 28 = 10*h - 2*g. Calculate the remainder when 862 is divided by h.
16
Let y = 12 - -13. Calculate the remainder when 151/2 + (-315)/90 is divided by y.
22
Let x be 6 + (-1 - (-2 - 2)). Suppose -x + 4 = -q. Calculate the remainder when 12 is divided by q.
2
Let u(y) be the third derivative of -y**6/120 + y**5/60 + 17*y**3/6 + 25*y**2. What is the remainder when 83 is divided by u(0)?
15
Let b(x) = -x**3 - 48*x**2 + 47*x - 47. What is the remainder when 76 is divided by b(-49)?
25
Let w(h) = 8*h - 1. Suppose 0 = 24*l - 22*l - 144. What is the remainder when l is divided by w(2)?
12
Suppose 0*q + q - 6 = 0. Calculate the remainder when 57/190 - ((-2068)/40 + 5) is divided by q.
5
Let c(j) = 3*j - 9. Let u be c(4). Suppose u*y = -2*y + 85. Calculate the remainder when 49 is divided by y.
15
Suppose -115*y - 128 = -117*y. What is the remainder when 85 is divided by y?
21
Let t(u) = -u**3 + 11*u**2 + 12*u + 3. Calculate the remainder when 48 is divided by t(12).
0
Suppose 10*h + g = 12*h - 44, -4*g + 34 = 2*h. What is the remainder when 70 is divided by h?
7
Let q = 69 - 50. What is the remainder when 169 is divided by q?
17
Let g = -25 + 58. Suppose -g = 3*f - 129. Suppose z = -0*z - 3, -4*j + 4*z + f = 0. Calculate the remainder when j is divided by 2.
1
Suppose -129 = -3*v + 63. Calculate the remainder when v is divided by 22.
20
Suppose 0 = 4*p - 13 + 1. Suppose 2*o + p*h = 6*o - 433, -o - 2*h + 122 = 0. Calculate the remainder when o is divided by 29.
25
Suppose -12*i + 4*i = -576. Calculate the remainder when i is divided by 38.
34
Suppose 0 = 5*p - 10, -r + 0*p + 14 = 4*p. Let o be (-316)/6*(-9)/r. Let a = 157 - o. Calculate the remainder when a is divided by 16.
14
Let h(u) = u**3 + 5*u**2 + 3*u + 2. Calculate the remainder when (4 - 104/20)/(15/(-100)) is divided by h(-4).
2
Let q(a) = a**2 + 3*a + 7. Let g = 25 - 30. What is the remainder when 50 is divided by q(g)?
16
Let y = -21 + 110. Let o = 202 - 300. What is the remainder when y is divided by o/(-4) - 33/22?
20
Let q = 54 - -237. Suppose 0*a + 3*a - q = 0. What is the remainder when a is divided by 20?
17
Suppose 4*c = 8*c - 208. Calculate the remainder when c is divided by 7.
3
Let y(i) = 3*i - 10. Let q be y(3). What is the remainder when 19 is divided by q*4/((-20)/25)?
4
Let y = -37 - -89. Let f(l) = 4*l**3 - 3*l**2 + 2*l - 6. What is the remainder when y is divided by f(2)?
16
What is the remainder when (-162)/(12/(-9)*27/18) is divided by 30?
21
Suppose 0 = -5*v + 2*w + 1383, -v - 10*w + 11*w + 279 = 0. What is the remainder when v is divided by 41?
29
Suppose 3*m = -4*w - 25, 2*m - 3*w = w - 50. Let r = -11 - -13. Calculate the remainder when ((-10)/m)/(2/21) is divided by r.
1
Let i(o) = -o - 6. Let c = 27 - 22. Suppose 0 = -c*s - 56 - 14. What is the remainder when 31 is divided by i(s)?
7
Let y(t) = t**2 - t - 3. Suppose -2 = -2*n + 4*c + 2, n - c = 0. Let a be y(n). Let s = a + 1. What is the remainder when 8 is divided by s?
0
Suppose 47*p + 6*p = 45739. Calculate the remainder when p is divided by 8.
7
Let o(b) = 6*b + 14. Let q be o(-7). Let c be 24/(-18) + q/6. Calculate the remainder when 15 is divided by (48/(-9)